{"id":12004,"date":"2018-12-13T17:47:18","date_gmt":"2018-12-13T16:47:18","guid":{"rendered":"http:\/\/carre-creation.com\/?page_id=12004"},"modified":"2024-01-19T10:06:37","modified_gmt":"2024-01-19T09:06:37","slug":"murs","status":"publish","type":"page","link":"https:\/\/carre-creation.com\/index.php\/murs\/","title":{"rendered":"Murs"},"content":{"rendered":"<div class=\"push \" style=\"height:10px\"><\/div>\n<div class=\"row \"><div class=\"wpv-grid grid-1-1  wpv-first-level parallax-bg first extended has-extended-padding\" style=\"padding-top:25px;padding-bottom:5px;\" id=\"wpv-column-f577b3680a32d636fd645039a8122c7e\"  data-parallax-method=\"to-centre\" data-parallax-inertia=\"-0.2\"><div class=\"limit-wrapper\"><div class=\"extended-column-inner\"><div class=\"row \"><div class=\"wpv-grid grid-1-1  first unextended has-extended-padding\" style=\"padding-top:20px;padding-bottom:0.05px;\" id=\"wpv-column-6322acf4f89b1f94091a65303bab9e82\" ><div class=\"row \"><div class=\"wpv-grid grid-1-1  first unextended animation-fade-in animated-active no-extended-padding\" style=\"padding-top:0.05px;padding-bottom:0.05px;\" id=\"wpv-column-d1b137595b6390babd9caec8b685f91e\" ><h2 style=\"text-align: center;\">Voyez plus grand pour vos\u00a0<strong><span style=\"color: #c31b30;\">[<\/span>\u00a0]\u00a0MURS.<\/strong><\/h2>\n<p style=\"text-align: center;\"><strong><span style=\"color: #c31b30;\">[<\/span>\u00a0<\/strong><strong>]\u00a0CARRE CREATION<\/strong> vous propose toutes les solutions en neuf et en r\u00e9novation pour vos <strong><span style=\"color: #c31b30;\">[<\/span>\u00a0<\/strong><strong>]\u00a0<\/strong><strong>MURS<\/strong>.<\/p>\n<p>Notre forte technicit\u00e9 nous permet de vous garantir un r\u00e9sultat \u00e0 la hauteur de vos attentes, avec conseil et respects des d\u00e9lais. Nos 20 ann\u00e9es d\u2019exp\u00e9rience cumul\u00e9e nous permettent de vous accompagner dans le choix du bon produit et de sa mise en oeuvre optimale pour r\u00e9pondre \u00e0 vos attentes, besoins ou envies.<\/p>\n<div class=\"push \" style=\"height:40px\"><\/div><\/div><\/div>\n<div class=\"row \"><div class=\"wpv-grid grid-1-2  first unextended animation-from-bottom animated-active no-extended-padding\" style=\"padding-top:0.05px;padding-bottom:0.05px;\" id=\"wpv-column-0bc31eb83c902c3b3b55f2509c544370\" ><p><img loading=\"lazy\" decoding=\"async\" class=\"alignnone wp-image-12249 size-full\" src=\"http:\/\/carre-creation.com\/wp-content\/uploads\/2024\/01\/Modulaire-1.jpg\" alt=\"\" width=\"555\" height=\"362\" srcset=\"https:\/\/carre-creation.com\/wp-content\/uploads\/2024\/01\/Modulaire-1.jpg 555w, https:\/\/carre-creation.com\/wp-content\/uploads\/2024\/01\/Modulaire-1-300x196.jpg 300w, https:\/\/carre-creation.com\/wp-content\/uploads\/2024\/01\/Modulaire-1-360x235.jpg 360w, https:\/\/carre-creation.com\/wp-content\/uploads\/2024\/01\/Modulaire-1-262x171.jpg 262w\" sizes=\"(max-width: 555px) 100vw, 555px\" \/><span class='dropcap1 '>MODULAIRE<\/span>\n<p><strong><span style=\"color: #c31b30;\">[<\/span>\u00a0<\/strong><strong>]\u00a0Agen\u00e7ons ensemble, jouons avec vos espaces\u00a0<\/strong><strong>avec des cloisons modulaires :<\/strong>\u00a0ossatures aluminium, vitrages simples ou doubles, panneaux pleins, panneaux rev\u00eatus d\u00e9coratifs, bloc porte, porte stratifi\u00e9s, quincaillerie, stores \/ agencements de bureaux, de salles de r\u00e9union, d\u2019open spaces, de locaux commerciaux.<\/p>\n<p><strong><span style=\"color: #c31b30;\">[<\/span>\u00a0<\/strong><strong>]\u00a0<\/strong><strong>D\u00e9couvrir \u201cCARRE services, remplacement de vitrages\u201d.<\/strong><\/div>\n<div class=\"wpv-grid grid-1-2  unextended animation-from-bottom animated-active no-extended-padding\" style=\"padding-top:0.05px;padding-bottom:0.05px;\" id=\"wpv-column-65222e82dfc10d26e6968f05401c6475\" ><p><img loading=\"lazy\" decoding=\"async\" class=\"alignnone wp-image-12248 size-full\" src=\"http:\/\/carre-creation.com\/wp-content\/uploads\/2024\/01\/Platrerie-1.jpg\" alt=\"\" width=\"555\" height=\"362\" srcset=\"https:\/\/carre-creation.com\/wp-content\/uploads\/2024\/01\/Platrerie-1.jpg 555w, https:\/\/carre-creation.com\/wp-content\/uploads\/2024\/01\/Platrerie-1-300x196.jpg 300w, https:\/\/carre-creation.com\/wp-content\/uploads\/2024\/01\/Platrerie-1-360x235.jpg 360w, https:\/\/carre-creation.com\/wp-content\/uploads\/2024\/01\/Platrerie-1-262x171.jpg 262w\" sizes=\"(max-width: 555px) 100vw, 555px\" \/><\/p>\n<span class='dropcap1 '>PLATRERIE<\/span>\n<p><strong><span style=\"color: #c31b30;\">[<\/span>\u00a0]\u00a0Agen\u00e7ons ensemble, jouons avec vos espaces et varions vos envies\u00a0<\/strong><strong>avec nos travaux de pl\u00e2trerie <\/strong>: cloisons de distribution, cloison de doublage, isolation. Cloisons de s\u00e9paration. \/ sp\u00e9cificit\u00e9s, cloisons phoniques, coupe feu, courbes, acoustiques.<\/div><\/div>\n<div class=\"push  wpv-hide-lowres\" style=\"height:40px\"><\/div>\n<div class=\"row \"><div class=\"wpv-grid grid-1-2  first unextended animation-from-bottom animated-active no-extended-padding\" style=\"padding-top:0.05px;padding-bottom:0.05px;\" id=\"wpv-column-602fec6609a4cf27bbf143da65746221\" ><p><img loading=\"lazy\" decoding=\"async\" class=\"alignnone size-full wp-image-12076\" src=\"http:\/\/carre-creation.com\/wp-content\/uploads\/2019\/03\/Carre-creation-mur-vip.jpg\" alt=\"\" width=\"555\" height=\"362\" srcset=\"https:\/\/carre-creation.com\/wp-content\/uploads\/2019\/03\/Carre-creation-mur-vip.jpg 555w, https:\/\/carre-creation.com\/wp-content\/uploads\/2019\/03\/Carre-creation-mur-vip-300x196.jpg 300w, https:\/\/carre-creation.com\/wp-content\/uploads\/2019\/03\/Carre-creation-mur-vip-360x235.jpg 360w, https:\/\/carre-creation.com\/wp-content\/uploads\/2019\/03\/Carre-creation-mur-vip-262x171.jpg 262w\" sizes=\"(max-width: 555px) 100vw, 555px\" \/><br \/>\n<span class='dropcap1 '>VIP<\/span>\u00a0<strong><span style=\"color: #c31b30;\">[<\/span>\u00a0<\/strong><strong>] <\/strong><strong>Habillons vos murs, vos cloisons et vos espaces<\/strong><br \/>\n<strong><span style=\"color: #c31b30;\">Varions vos envies.<\/span><\/strong><br \/>\nComptez sur nous pour cr\u00e9er votre <strong>effet waouh\u00a0<\/strong>:<\/p>\n<ul>\n<li style=\"list-style-type: none;\">\n<ul>\n<li><strong>Toiles tendues avec int\u00e9gration d&rsquo;\u00e9quipements :<\/strong> vid\u00e9oprojecteur, r\u00e9seaux, syst\u00e8mes audio, syst\u00e8mes climatiques.<br \/>\n<strong><span style=\"color: #c31b30;\">[<\/span>\u00a0] \u00a0<a href=\"http:\/\/carre-creation.com\/index.php\/barrisol\/\">D\u00e9couvrez Barrisol<\/a><\/strong><\/li>\n<\/ul>\n<ul>\n<li><strong>Rev\u00eatement muraux :<\/strong> tapisseries design, gouttelette, cr\u00e9dence, buletin board, parement, fa\u00efence<\/li>\n<li><strong>Peinture<\/strong> : origamies en peinture, trompe l\u2019oeil, stuc.<br \/>\n<strong><span style=\"color: #c31b30;\">[<\/span>\u00a0] \u00a0D\u00e9couvrez <a href=\"http:\/\/carre-creation.com\/index.php\/contact\/\">Care<\/a><\/strong><\/li>\n<\/ul>\n<\/li>\n<li style=\"list-style-type: none;\"><\/li>\n<\/ul><\/div>\n<div class=\"wpv-grid grid-1-2  unextended animation-from-bottom animated-active has-extended-padding\" style=\"padding-top:0.05px;padding-bottom:0.05px;\" id=\"wpv-column-55376a5d6a9c9c7e881df0bc78a5e039\" ><\/div><\/div>\n<div class=\"push \" style=\"height:30px\"><\/div>\n<div class=\"row \"><div class=\"wpv-grid grid-1-1 add-border first unextended animation-fade-in animated-active has-extended-padding\" style=\"padding-top:30px;padding-bottom:20px;\" id=\"wpv-column-bb8bffec020a7c39a65672b810854197\" ><div class=\"row \"><div class=\"wpv-grid grid-1-1  first unextended no-extended-padding\" style=\"padding-top:0.05px;padding-bottom:0.05px;\" id=\"wpv-column-a6abd0f20264a8821d6bf75f5a4a2a7a\" ><span class='icon shortcode theme  use-hover' style='color:#C31B30;font-size:32px !important;'>&#57473;<\/span><\/div><\/div>\n<div class=\"row \"><div class=\"wpv-grid grid-1-1  first unextended no-extended-padding\" style=\"padding-top:0.05px;padding-bottom:0.05px;\" id=\"wpv-column-9c786d0809b36c4c26779a70dce35a6c\" >\t<div class=\"bxslider-wrapper blockquote-slider\">\n\t\t<ul class=\"bxslider-container\" id=\"81a236c872079259fbd0222598f02706\">\n\t\t\t\t\t\t\t<li>\n\t\t\t\t\t\t\t\t\t\t\t<blockquote class='clearfix small simple post-7587 testimonials type-testimonials status-publish hentry testimonials_category-slider-no-photo'><h3 class=\"quote-summary\">\"Le chantier s\u2019est d\u00e9roul\u00e9 comme nous l\u2019avions convenu, et le r\u00e9sultat est superbe !\"<\/h3><div class=\"quote-title-wrapper clearfix\"><div class='quote-title'><span class='icon shortcode   use-hover' style='color:#F8DF04;'>&#57864;<\/span><span class='icon shortcode   use-hover' style='color:#F8DF04;'>&#57864;<\/span><span class='icon shortcode   use-hover' style='color:#F8DF04;'>&#57864;<\/span><span class='icon shortcode   use-hover' style='color:#F8DF04;'>&#57864;<\/span><span class='icon shortcode   use-hover' style='color:#F8DF04;'>&#57864;<\/span> &mdash; <span class='the-title'>Christelle D.<\/span><\/div><\/div><div class='quote-text'><div class=\"quote-content\">&nbsp;\r\n\r\n<strong>Pose de carrelage chez un particulier \u00e0 Saint Cyr au Mont d\u2019Or (69)<\/strong>\r\n\r\n&nbsp;\r\n\r\nJe cherchais une entreprise de confiance pour r\u00e9aliser le projet de carrelage de mon garage. La dalle existante \u00e9tait brute, et je voulais un r\u00e9sultat soign\u00e9 et facile \u00e0 entretenir. Du choix des mat\u00e9riaux (carreaux, joints, seuils, bonde d\u2019\u00e9vacuation) \u00e0 la meilleure fa\u00e7on de poser les carreaux, CARR\u00c9 CR\u00c9ATION a su m\u2019\u00e9couter et m\u2019apporter les meilleures solutions.<\/div><\/div><\/blockquote>\t\t\t\t\t\t\t\t\t<\/li>\n\t\t\t\t\t\t\t<li>\n\t\t\t\t\t\t\t\t\t\t\t<blockquote class='clearfix small simple post-9665 testimonials type-testimonials status-publish hentry testimonials_category-slider-no-photo'><h3 class=\"quote-summary\">\"Le r\u00e9sultat est au-dessus de nos attentes !\"<\/h3><div class=\"quote-title-wrapper clearfix\"><div class='quote-title'><span class='icon shortcode   use-hover' style='color:#F8DF04;'>&#57864;<\/span><span class='icon shortcode   use-hover' style='color:#F8DF04;'>&#57864;<\/span><span class='icon shortcode   use-hover' style='color:#F8DF04;'>&#57864;<\/span><span class='icon shortcode   use-hover' style='color:#F8DF04;'>&#57864;<\/span><span class='icon shortcode   use-hover' style='color:#F8DF04;'>&#57864;<\/span> &mdash; <span class='the-title'>Martine L.<\/span><\/div><\/div><div class='quote-text'><div class=\"quote-content\"><strong>R\u00e9novation de sol chez un particulier \u00e0 Reyrieux (01)<\/strong>\r\n\r\nNous souhaitions remplacer ou recouvrir le carrelage blanc, ancien et ab\u00eem\u00e9 dans les pi\u00e8ces principales de notre maison : salon, cuisine, couloirs ainsi que la chambre d'amis. Nous avons d\u00e9cid\u00e9 de faire confiance \u00e0 CARR\u00c9 CR\u00c9ATION qui s'est montr\u00e9 d'excellents conseils et force de proposition pour nous apporter les meilleures solutions. Notre choix s\u2019est port\u00e9 sur des lames LVT en PVC imitation parquet. L\u2019entreprise a proc\u00e9d\u00e9 \u00e0 plusieurs visites de contr\u00f4le afin de garantir une pose impeccable et des finitions soign\u00e9es.<\/div><\/div><\/blockquote>\t\t\t\t\t\t\t\t\t<\/li>\n\t\t\t\t\t<\/ul>\n\t\t<script>\n\t\t\tjQuery(function($) {\n\t\t\t\tvar el = $('#81a236c872079259fbd0222598f02706');\n\t\t\t\tel.data('bxslider', el.bxSlider({\n\t\t\t\t\tpager: true,\n\t\t\t\t\tcontrols: false,\n\t\t\t\t\tauto: true,\n\t\t\t\t\tpause: 7000,\n\t\t\t\t\tautoHover: true,\n\t\t\t\t\tadaptiveHeight: false\t\t\t\t}));\n\t\t\t});\n\t\t<\/script>\n\t<\/div>\n\n<\/div><\/div><\/div><\/div><\/div><\/div>\n<div class=\"push  wpv-hide-lowres\" style=\"height:40px\"><\/div>\n<div class=\"row \"><div class=\"wpv-grid grid-1-1  first has-background extended animation-from-bottom animated-active has-extended-padding\" style=\"background-color:#F4F4F4;padding-top:40px;padding-bottom:40px;\" id=\"wpv-column-02f315326532614359b6d1e7fb4c1b4c\" ><div class=\"limit-wrapper\"><div class=\"extended-column-inner\"><style>#wpv-column-02f315326532614359b6d1e7fb4c1b4c p,#wpv-column-02f315326532614359b6d1e7fb4c1b4c em,#wpv-column-02f315326532614359b6d1e7fb4c1b4c h1,#wpv-column-02f315326532614359b6d1e7fb4c1b4c h2,#wpv-column-02f315326532614359b6d1e7fb4c1b4c h3,#wpv-column-02f315326532614359b6d1e7fb4c1b4c h4,#wpv-column-02f315326532614359b6d1e7fb4c1b4c h5,#wpv-column-02f315326532614359b6d1e7fb4c1b4c h6,#wpv-column-02f315326532614359b6d1e7fb4c1b4c .column-title,#wpv-column-02f315326532614359b6d1e7fb4c1b4c .sep-text h2.regular-title-wrapper,#wpv-column-02f315326532614359b6d1e7fb4c1b4c .text-divider-double,#wpv-column-02f315326532614359b6d1e7fb4c1b4c .sep-text .sep-text-line,#wpv-column-02f315326532614359b6d1e7fb4c1b4c .sep,#wpv-column-02f315326532614359b6d1e7fb4c1b4c .sep-2,#wpv-column-02f315326532614359b6d1e7fb4c1b4c .sep-3,#wpv-column-02f315326532614359b6d1e7fb4c1b4c td,#wpv-column-02f315326532614359b6d1e7fb4c1b4c th,#wpv-column-02f315326532614359b6d1e7fb4c1b4c caption{color:#757575;}#wpv-column-02f315326532614359b6d1e7fb4c1b4c:before{background-color:transparent;}<\/style><div class=\"row \"><div class=\"wpv-grid grid-1-1  first unextended no-extended-padding\" style=\"padding-top:0.05px;padding-bottom:0.05px;\" id=\"wpv-column-61689b5a148cc12be1793f9ea9a21326\" ><h3 style=\"text-align: center;\">Notre vision repose sur la qualit\u00e9 du travail r\u00e9alis\u00e9 et sur la satisfaction client <a href=\"http:\/\/carre-creation.com\/index.php\/contact\/\" target=\"_self\" style='font-size: 14px;' class=\"vamtam-button accent1  button-style-3 hover-accent2 \"><span class='icon shortcode theme  use-hover' style='color:#ffffff;font-size:22px !important;'>&#57524;<\/span><span class=\"btext\" data-text=\"Contactez-nous\">Contactez-nous<\/span><\/a><\/h3><\/div><\/div><\/div><\/div><\/div><\/div><\/div><\/div><\/div><\/div>\n<div class=\"push  wpv-hide-lowres\" style=\"height:40px\"><\/div>\n","protected":false},"excerpt":{"rendered":"<p>R\u00e9novation de sol chez un particulier \u00e0 Reyrieux (01) Nous souhaitions remplacer ou recouvrir le carrelage blanc, ancien et ab\u00eem\u00e9 dans les pi\u00e8ces principales de notre maison : salon, cuisine, couloirs ainsi que la chambre d&rsquo;amis. Nous avons d\u00e9cid\u00e9 de faire confiance \u00e0 CARR\u00c9 CR\u00c9ATION qui s&rsquo;est montr\u00e9 d&rsquo;excellents conseils et force de proposition pour&#8230;<\/p>\n","protected":false},"author":1,"featured_media":0,"parent":0,"menu_order":0,"comment_status":"closed","ping_status":"closed","template":"","meta":{"om_disable_all_campaigns":false,"_exactmetrics_skip_tracking":false,"_exactmetrics_sitenote_active":false,"_exactmetrics_sitenote_note":"","_exactmetrics_sitenote_category":0,"_monsterinsights_skip_tracking":false,"_monsterinsights_sitenote_active":false,"_monsterinsights_sitenote_note":"","_monsterinsights_sitenote_category":0,"footnotes":""},"aioseo_notices":[],"_links":{"self":[{"href":"https:\/\/carre-creation.com\/index.php\/wp-json\/wp\/v2\/pages\/12004"}],"collection":[{"href":"https:\/\/carre-creation.com\/index.php\/wp-json\/wp\/v2\/pages"}],"about":[{"href":"https:\/\/carre-creation.com\/index.php\/wp-json\/wp\/v2\/types\/page"}],"author":[{"embeddable":true,"href":"https:\/\/carre-creation.com\/index.php\/wp-json\/wp\/v2\/users\/1"}],"replies":[{"embeddable":true,"href":"https:\/\/carre-creation.com\/index.php\/wp-json\/wp\/v2\/comments?post=12004"}],"version-history":[{"count":13,"href":"https:\/\/carre-creation.com\/index.php\/wp-json\/wp\/v2\/pages\/12004\/revisions"}],"predecessor-version":[{"id":12297,"href":"https:\/\/carre-creation.com\/index.php\/wp-json\/wp\/v2\/pages\/12004\/revisions\/12297"}],"wp:attachment":[{"href":"https:\/\/carre-creation.com\/index.php\/wp-json\/wp\/v2\/media?parent=12004"}],"curies":[{"name":"wp","href":"https:\/\/api.w.org\/{rel}","templated":true}]}}